3575?
5
What is the thousands digit of 13018?
3
What is the thousands digit of 18410?
8
What is the thousands digit of 8894?
8
What is the ten thousands digit of 13841?
1
What is the tens digit of 109?
0
What is the hundreds digit of 551?
5
What is the units digit of 249?
9
What is the thousands digit of 25763?
5
What is the tens digit of 7694?
9
What is the units digit of 2025?
5
What is the thousands digit of 1453?
1
What is the units digit of 10426?
6
What is the units digit of 1825?
5
What is the tens digit of 67857?
5
What is the tens digit of 22066?
6
What is the units digit of 916?
6
What is the ten thousands digit of 158308?
5
What is the thousands digit of 54521?
4
What is the hundreds digit of 425?
4
What is the units digit of 1200?
0
What is the ten thousands digit of 23293?
2
What is the tens digit of 686?
8
What is the tens digit of 712?
1
What is the units digit of 3408?
8
What is the ten thousands digit of 83631?
8
What is the tens digit of 8398?
9
What is the units digit of 203?
3
What is the tens digit of 892?
9
What is the hundreds digit of 44715?
7
What is the tens digit of 28174?
7
What is the thousands digit of 2212?
2
What is the tens digit of 703?
0
What is the tens digit of 3296?
9
What is the tens digit of 1465?
6
What is the tens digit of 1228?
2
What is the hundreds digit of 37211?
2
What is the tens digit of 13003?
0
What is the tens digit of 3074?
7
What is the tens digit of 31429?
2
What is the units digit of 1994?
4
What is the thousands digit of 3351?
3
What is the units digit of 647?
7
What is the units digit of 129485?
5
What is the tens digit of 6506?
0
What is the thousands digit of 1736?
1
What is the hundreds digit of 6903?
9
What is the hundreds digit of 18574?
5
What is the thousands digit of 23923?
3
What is the hundreds digit of 115?
1
What is the hundreds digit of 2088?
0
What is the hundreds digit of 546?
5
What is the ten thousands digit of 16184?
1
What is the thousands digit of 13838?
3
What is the tens digit of 110?
1
What is the tens digit of 965?
6
What is the tens digit of 19952?
5
What is the units digit of 572?
2
What is the tens digit of 2498?
9
What is the ten thousands digit of 57938?
5
What is the hundreds digit of 538?
5
What is the units digit of 29824?
4
What is the units digit of 22414?
4
What is the units digit of 8689?
9
What is the thousands digit of 2525?
2
What is the units digit of 2016?
6
What is the hundreds digit of 637?
6
What is the tens digit of 2676?
7
What is the ten thousands digit of 29804?
2
What is the tens digit of 2632?
3
What is the thousands digit of 10900?
0
What is the hundreds digit of 731?
7
What is the hundreds digit of 1421?
4
What is the units digit of 681?
1
What is the units digit of 610?
0
What is the hundreds digit of 1593?
5
What is the ten thousands digit of 14185?
1
What is the tens digit of 6566?
6
What is the thousands digit of 3009?
3
What is the thousands digit of 1211?
1
What is the units digit of 10459?
9
What is the tens digit of 2400?
0
What is the hundreds digit of 1317?
3
What is the units digit of 3947?
7
What is the hundreds digit of 21279?
2
What is the thousands digit of 87524?
7
What is the tens digit of 201?
0
What is the units digit of 99?
9
What is the thousands digit of 3264?
3
What is the thousands digit of 102749?
2
What is the units digit of 75128?
8
What is the units digit of 13429?
9
What is the thousands digit of 20094?
0
What is the hundreds digit of 4032?
0
What is the thousands digit of 3927?
3
What is the hundreds digit of 118?
1
What is the units digit of 16782?
2
What is the units digit of 81468?
8
What is the units digit of 1758?
8
What is the tens digit of 10174?
7
What is the ten thousands digit of 167116?
6
What is the tens digit of 2289?
8
What is the hundreds digit of 198?
1
What is the tens digit of 431?
3
What is the tens digit of 77675?
7
What is the tens digit of 2281?
8
What is the hundreds digit of 1287?
2
What is the tens digit of 2522?
2
What is the tens digit of 13435?
3
What is the tens digit of 1739?
3
What is the thousands digit of 3518?
3
What is the hundreds digit of 67150?
1
What is the tens digit of 1179?
7
What is the ten thousands digit of 24595?
2
What is the hundreds digit of 697?
6
What is the tens digit of 5482?
8
What is the hundreds digit of 804?
8
What is the tens digit of 1677?
7
What is the ten thousands digit of 169999?
6
What is the tens digit of 3490?
9
What is the tens digit of 111061?
6
What is the thousands digit of 8346?
8
What is the units digit of 1030?
0
What is the hundreds digit of 29010?
0
What is the tens digit of 4823?
2
What is the thousands digit of 26262?
6
What is the thousands digit of 64765?
4
What is the thousands digit of 60134?
0
What is the hundreds digit of 5317?
3
What is the tens digit of 996?
9
What is the thousands digit of 7351?
7
What is the units digit of 2970?
0
What is the hundreds digit of 2365?
3
What is the hundreds digit of 2495?
4
What is the units digit of 57968?
8
What is the thousands digit of 6507?
6
What is the hundreds digit of 675?
6
What is the ten thousands digit of 148145?
4
What is the hundreds digit of 278?
2
What is the units digit of 4052?
2
What is the tens digit of 3239?
3
What is the units digit of 3920?
0
What is the thousands digit of 15666?
5
What is the units digit of 32349?
9
What is the thousands digit of 109729?
9
What is the thousands digit of 1575?
1
What is the tens digit of 8402?
0
What is the units digit of 819?
9
What is the units digit of 40756?
6
What is the thousands digit of 82902?
2
What is the hundreds digit of 31256?
2
What is the hundreds digit of 48771?
7
What is the units digit of 60095?
5
What is the thousands digit of 1458?
1
What is the thousands digit of 5640?
5
What is the tens digit of 38433?
3
What is the tens digit of 78?
7
What is the hundreds digit of 10248?
2
What is the thousands digit of 28432?
8
What is the units digit of 78143?
3
What is the units digit of 39900?
0
What is the thousands digit of 1202?
1
What is the hundreds digit of 4276?
2
What is the tens digit of 876?
7
What is the hundreds digit of 5736?
7
What is the tens digit of 11169?
6
What is the units digit of 19056?
6
What is the units digit of 2540?
0
What is the hundreds digit of 1880?
8
What is the tens digit of 288?
8
What is the tens digit of 24487?
8
What is the hundreds digit of 1944?
9
What is the ten thousands digit of 71305?
7
What is the units digit of 273?
3
What is the tens digit of 223?
2
What is the units digit of 1309?
9
What is the thousands digit of 11658?
1
What is the thousands digit of 4223?
4
What is the hundreds digit of 31613?
6
What is the hundreds digit of 1259?
2
What is the hundreds digit of 3473?
4
What is the units digit of 206?
6
What is the tens digit of 8228?
2
What is the units digit of 165807?
7
What is the hundreds digit of 9672?
6
What is the hundreds digit of 18595?
5
What is the ten thousands digit of 25104?
2
What is the tens digit of 21?
2
What is the ten thousands digit of 86157?
8
What is the tens digit of 11782?
8
What is the tens digit of 411?
1
What is the tens digit of 22278?
7
What is the ten thousands digit of 103893?
0
What is the units digit of 2718?
8
What is the thousands digit of 3353?
3
What is the units digit of 21929?
9
What is the tens digit of 4303?
0
What is the tens digit of 35192?
9
What is the units digit of 9691?
1
What is the thousands digit of 17737?
7
What is the tens digit of 2769?
6
What is the hundreds digit of 539?
5
What is the hundreds digit of 2652?
6
What is the units digit of 7665?
5
What is the thousands digit of 2455?
2
What is the hundreds digit of 183?
1
What is the thousands digit of 1003?
1
What is the thousands digit of 3755?
3
What is the ten thousands digit of 11788?
1
What is the hundreds digit of 47167?
1
What is the thousands digit of 2960?
2
What is the units digit of 41481?
1
What is the ten thousands digit of 47531?
4
What is the thousands digit of 39942?
9
What is the thousands digit of 2041?
2
What is the tens digit of 2161?
6
What is the hundreds digit of 6055?
0
What is the hundreds digit of 1125?
1
What is the tens digit of 853?
5
What is the hundreds digit of 751?
7
What is the tens digit of 5166?
6
What is the hundreds digit of 1